f 9 and x.
9
Let s(i) = 9*i - 4. Let g be s(4). Suppose -2*t + 240 = t. What is the greatest common factor of t and g?
16
Suppose g = -346 + 350. What is the highest common factor of g and 7?
1
Let l = 56 - 40. Calculate the greatest common factor of 32 and l.
16
Let h(t) = 10*t - 3. Let b be h(3). Let i = -41 - -77. Suppose -i = -4*j + 2*j. Calculate the greatest common divisor of b and j.
9
Let i be (-1 - 0)/((-4)/20). Let o = 19 - i. What is the greatest common factor of 98 and o?
14
Suppose 117 = 8*z - 7*z. Let a(m) = -m**3 + 2*m**2 - m + 3. Let u be a(-3). Let o = z - u. Calculate the greatest common factor of o and 6.
6
Let u = 76 + 76. What is the greatest common divisor of 19 and u?
19
Let b = 4 + -1. Suppose 0 = -4*q - 2*g - 0*g + 96, b*g = 0. Calculate the highest common divisor of 8 and q.
8
Let k(u) be the first derivative of 3*u**2/2 - 3*u - 3. Let b be k(2). Calculate the greatest common divisor of 33 and b.
3
Suppose p = -2*p + s + 337, 2*s + 226 = 2*p. Let j = p + -72. Let h = 13 + -8. What is the greatest common factor of h and j?
5
Let v be 8/24*(109 - -2). What is the greatest common divisor of 370 and v?
37
Let b be 176/99 + (-2)/(-9). Suppose -y = 4*k - 0*y - 545, -b*k - y + 273 = 0. What is the highest common factor of k and 17?
17
Let v(l) = -l**2 + 3*l + 7. Let z be v(5). Let k = 5 - z. What is the greatest common factor of k and 40?
8
Let i be (-1)/2 - (-187)/22. Suppose -5*s - 15 = 0, 5*z + 3*s = -1 - 3. What is the greatest common divisor of i and z?
1
Suppose 9 = 3*c, 0 = -5*j - 2*c + 3*c + 17. Suppose 0*g - 80 = -5*g. Calculate the highest common factor of j and g.
4
Suppose 3*p = 3 + 39. Suppose 0 = -u + 47 - 16. Suppose -t - 78 = -5*n + 29, 5*t + u = n. What is the greatest common divisor of n and p?
7
Let r be 2 - -1 - 0/4. Suppose y = -r*p + 3*y + 10, -2*y - 18 = -5*p. Suppose -12 = -n + p. Calculate the highest common divisor of n and 16.
16
Let z(w) = -w**2 - 13*w + 21. Let o be z(-12). What is the highest common factor of o and 22?
11
Suppose 0 = 2*a + 2*n - 172, 0 + 158 = 2*a - 5*n. Calculate the greatest common divisor of a and 28.
28
Let r be -3*(0 - -1) + 8. Let i(u) = u**3 + 4*u**2 - 2*u - 6. Let a be i(-4). Let g = r + a. What is the greatest common factor of g and 77?
7
Let g(h) = 8*h**2 - 7*h + 6. Let j be g(3). Calculate the highest common divisor of j and 38.
19
Let c(v) = 3*v**2 - 6*v - 20. Let x be c(-8). What is the greatest common factor of x and 20?
20
Suppose 0*n + 2*n = 28. Let i = 260 + -225. Calculate the greatest common divisor of n and i.
7
Suppose w + 3 = -3*a + 27, 5*a + 2*w = 40. Let u = a - -2. Calculate the highest common divisor of u and 4.
2
Let b be -1 - 3/((-3)/199). Let x be 0 - (-3)/((-9)/(-66)). Calculate the highest common factor of b and x.
22
Let j(a) = -a**3 + 5*a**2 + a + 3. Let o be j(4). Calculate the highest common divisor of 207 and o.
23
Let i(n) = n**3 - n**2 - n + 4. Let d be i(0). Suppose -356 = -2*q - 2*j, 548 = 2*q + q - d*j. What is the greatest common divisor of 20 and q?
20
Let t be 2/3*(-246)/(-4). Suppose t - 16 = -5*c. Let f = 10 + c. What is the greatest common factor of 25 and f?
5
Suppose 4*c + 107 = 3*o - 58, 4*c - 2*o + 166 = 0. Let w be (10/4)/((-3)/c). Calculate the highest common factor of w and 14.
7
Let x be (-4)/(-8)*(10 + 0). Suppose 6*k = 4*m + 2*k - 260, -x*m = 4*k - 370. Let r be -3*(1/(-3) - 3). Calculate the greatest common factor of m and r.
10
Let s = -25 + 39. Calculate the greatest common factor of s and 56.
14
Suppose -2*z = -5*d + 242, 2*d - 2*z = 168 - 70. Calculate the highest common factor of 120 and d.
24
Let v = 0 - 6. Let w be (-9)/v + 15/2. Calculate the highest common divisor of 81 and w.
9
Let a be (-1)/(-2 - -1) - -447. Let f = a + -251. Let p = f + -125. What is the highest common factor of p and 8?
8
Suppose -20 + 4 = -4*l. Let i(c) = -2*c + l - 4. Let u be i(-4). What is the greatest common divisor of u and 8?
8
Suppose 0 = y, 0*d = 3*d - 5*y + 54. Let m = 25 + d. What is the highest common divisor of m and 7?
7
Suppose d - 2 = -j, 18 = -3*d + 3*j + 6. Let l = 6 + d. Calculate the highest common divisor of l and 20.
5
Let o(l) = 56*l - 2 - 22*l - 30*l. Suppose -3*d + 6 = 0, -4*y + 3*d = -9*y + 21. Let a be o(y). Calculate the greatest common factor of 10 and a.
10
Suppose -v = -2*x - 0*v + 43, -5*x - v = -125. Suppose 0 = 2*s + 6, s = 3*o - 2*o - 9. What is the greatest common factor of x and o?
6
Let m(l) = -l**3 + 6*l**2 - 2*l + 17. Let y be m(5). Calculate the highest common divisor of 160 and y.
32
Suppose -5 = -g - 0. Suppose 9 + 1 = g*i. Suppose 5*z + 0*z - i*k - 79 = 0, -k + 71 = 4*z. What is the greatest common factor of 153 and z?
17
Let z(j) = -55*j + 5. Let y be z(-1). Calculate the highest common factor of 12 and y.
12
Let o(x) = 2*x - 9. Let a be o(9). Let u = 136 + -37. Calculate the greatest common factor of u and a.
9
Let f be 3/(12/47) - 3/(-12). What is the highest common divisor of 108 and f?
12
Suppose 6*i = -21 - 69. Let q = 24 + i. What is the greatest common factor of 63 and q?
9
Let x = -15 + 17. Suppose -x*z + 80 = -176. Calculate the greatest common divisor of 16 and z.
16
Let q be (-126)/(-10) - (-2)/5. Let j be 4/16 - (-414)/8. What is the highest common divisor of q and j?
13
Let o be 1934/11 + (-8)/(-44). Suppose 5*d = 6*d - 22. What is the greatest common divisor of d and o?
22
Suppose -r - 3*r - 36 = 0. Let g = r - -7. Let p = g - -12. Calculate the highest common divisor of 50 and p.
10
Let m = 31 + -7. Let v be (-2*1)/((-4)/m). What is the highest common factor of 120 and v?
12
Let o = 18 + -10. Calculate the greatest common factor of 8 and o.
8
Let r(o) = -8*o - 21. Let f be r(-4). What is the greatest common divisor of f and 1?
1
Let l(f) = -f**3 - 13*f**2 + 26*f + 12. Let y be l(-15). Calculate the greatest common divisor of 18 and y.
18
Suppose 0 = 5*b - 128 - 22. What is the greatest common divisor of b and 30?
30
Let g = 11 + -5. Suppose -v - v = -g. Suppose -v*u + a + 4*a + 223 = 0, 5*a = -2*u + 107. What is the greatest common divisor of 6 and u?
6
Suppose -4*x = 5*f - 16, -4*f + 34 = -4*x + 14. Suppose -2*t + 5*t - 6 = 0. Let d be (4/5 - t)*-10. Calculate the highest common factor of d and f.
4
Let v = 31 - 20. What is the greatest common factor of v and 99?
11
Let f(m) = m**2 - 7*m + 32. Let j be f(14). What is the greatest common divisor of 52 and j?
26
Let c(u) = -u**3 - 5*u**2 + 10*u - 4. Let d be c(-8). Calculate the greatest common factor of d and 12.
12
Let t be -5*(-1 - (-27)/(-15)). Suppose -153 = -4*q - 5*m, -4*q + 220 - 37 = -5*m. Calculate the highest common divisor of q and t.
14
Let o(v) = -v**2 + 111. Let i be o(0). Let p be i - ((-1 - -2) + -1). Let k be p/6 + 2/(-4). What is the highest common factor of k and 126?
18
Let l be 3/((1/(-40))/((-12)/72)). Calculate the highest common divisor of l and 8.
4
Let t(q) be the third derivative of -q**6/120 + 2*q**5/15 + q**4/24 + 2*q**3/3 - 3*q**2. Let d be t(8). What is the greatest common factor of d and 4?
4
Suppose 5*j - 28 - 7 = 0. Let n(y) = y**2 + y. Let r be n(-1). Let m = j + r. Calculate the greatest common factor of 1 and m.
1
Let s be (-3*2)/(-3) + 5. What is the highest common divisor of s and 7?
7
Let x be 2 - 1 - 0/2. Let j be 63*(2 + x - 2). Let o be (5/(-5))/((-1)/9). Calculate the highest common divisor of o and j.
9
Suppose 2*j - 66 = -4*r, j = -r - 3*r + 41. Suppose -x = p - 23 - 52, 0 = -5*p + j. Calculate the greatest common divisor of x and 10.
10
Let t(j) = j**2 - 6*j - 4. Let y be t(7). Let s be (4/4)/(1/27). Calculate the highest common divisor of y and s.
3
Let m = -5 + 6. Suppose -w = -m - 4. Let v = 25 + -15. Calculate the highest common factor of v and w.
5
Let g be (-2)/(-8)*((-12)/2 + 122). What is the greatest common divisor of 203 and g?
29
Let t be 4 + 3 + (-6 - -1). Let j(z) = -10*z + 2. Let w be (-3 - 0)*2/3. Let u be j(w). Calculate the highest common divisor of u and t.
2
Suppose -4*t = 4*b + 4, 4*t + 3 = -5*b + 2. Suppose -3 = -b*q + 39. Let a = 121 + 33. What is the greatest common factor of q and a?
14
Suppose -4*h = 2*r - 136, -5*r = -3*r + h - 133. Calculate the greatest common divisor of 22 and r.
22
Suppose 592 = 8*p + 80. Let q be 4/(-2) + (41 - 7). What is the highest 